{"id":4770,"date":"2016-05-19T14:14:12","date_gmt":"2016-05-19T14:14:12","guid":{"rendered":"http:\/\/www.adisfarm.com.ar\/web\/?page_id=4770"},"modified":"2016-06-22T13:56:05","modified_gmt":"2016-06-22T13:56:05","slug":"gel-alcohol-con-clorexidina-marca-alcovisc-hatasu","status":"publish","type":"page","link":"http:\/\/www.adisfarm.com.ar\/web\/?page_id=4770","title":{"rendered":"Gel Alcohol con Clorhexilina Marca ALCOVISC HATASU"},"content":{"rendered":"<section class=\"l-section wpb_row height_medium\"><div class=\"l-section-h g-html i-cf\"><div class=\"g-cols offset_small\"><div class=\" one-quarter\"><div class=\"w-slider\"><div class=\"royalSlider rsDefault\"><a class=\"rsImg\" data-rsw=\"767\" data-rsh=\"786\" data-rsBigImg=\"http:\/\/www.adisfarm.com.ar\/web\/wp-content\/uploads\/2016\/05\/alcovisc2.jpg\" href=\"http:\/\/www.adisfarm.com.ar\/web\/wp-content\/uploads\/2016\/05\/alcovisc2.jpg\">alcovisc2<\/a><\/div><div class=\"w-slider-json\" onclick='return {\"transitionSpeed\":300,\"loopRewind\":true,\"slidesSpacing\":0,\"imageScalePadding\":0,\"numImagesToPreload\":2,\"arrowsNav\":true,\"arrowsNavAutoHide\":false,\"transitionType\":\"move\",\"controlNavigation\":\"bullets\",\"autoplay\":{\"enabled\":true,\"pauseOnHover\":true,\"delay\":3000},\"fullscreen\":{\"enabled\":true},\"imageScaleMode\":\"fit-if-smaller\",\"autoScaleSlider\":true,\"autoScaleSliderWidth\":767,\"autoScaleSliderHeight\":786,\"fitInViewport\":false}'><\/div><\/div><\/div><div class=\" three-quarters\"><div class=\"wpb_text_column \"><div class=\"wpb_wrapper\"><strong>GEL ALCOHOL CON CLORHEXIDINA Marca ALCOVISC HATASU<\/strong><\/div> <\/div> <div class=\"w-separator type_invisible size_small thick_1 style_solid color_border cont_none\"><span class=\"w-separator-h\"><\/span><\/div><div class=\"wpb_text_column \"><div class=\"wpb_wrapper\"><p>Antis\u00e9ptico de manos formulado con digluconato de clorehexidina (en soluci\u00f3n al 1,5%) .Formulado con 2 alcoholes (et\u00edlico -60% e isopropilico -10%), emolientes y fragancia, en frascos con v\u00e1lvula y cierre. Marca ALCOVISC HATASU. Presentaciones: Fco x 520 ml\u00a0 con v\u00e1lvula dosificadora y envase x 130 cc. Origen Argentina.<\/p><\/div> <\/div> <\/div><\/div><\/div><\/section><section class=\"l-section wpb_row height_medium\"><div class=\"l-section-h g-html i-cf\"><div class=\"g-cols offset_small\"><div class=\" full-width\"><\/div><\/div><\/div><\/section>\n","protected":false},"excerpt":{"rendered":"alcovisc2GEL ALCOHOL CON CLORHEXIDINA Marca ALCOVISC HATASU Antis\u00e9ptico de manos formulado con digluconato de clorehexidina (en soluci\u00f3n al 1,5%) .Formulado con 2 alcoholes (et\u00edlico -60% e isopropilico -10%), emolientes y...","protected":false},"author":2,"featured_media":0,"parent":0,"menu_order":0,"comment_status":"closed","ping_status":"closed","template":"","meta":{"footnotes":""},"class_list":["post-4770","page","type-page","status-publish","hentry"],"_links":{"self":[{"href":"http:\/\/www.adisfarm.com.ar\/web\/index.php?rest_route=\/wp\/v2\/pages\/4770"}],"collection":[{"href":"http:\/\/www.adisfarm.com.ar\/web\/index.php?rest_route=\/wp\/v2\/pages"}],"about":[{"href":"http:\/\/www.adisfarm.com.ar\/web\/index.php?rest_route=\/wp\/v2\/types\/page"}],"author":[{"embeddable":true,"href":"http:\/\/www.adisfarm.com.ar\/web\/index.php?rest_route=\/wp\/v2\/users\/2"}],"replies":[{"embeddable":true,"href":"http:\/\/www.adisfarm.com.ar\/web\/index.php?rest_route=%2Fwp%2Fv2%2Fcomments&post=4770"}],"version-history":[{"count":8,"href":"http:\/\/www.adisfarm.com.ar\/web\/index.php?rest_route=\/wp\/v2\/pages\/4770\/revisions"}],"predecessor-version":[{"id":5004,"href":"http:\/\/www.adisfarm.com.ar\/web\/index.php?rest_route=\/wp\/v2\/pages\/4770\/revisions\/5004"}],"wp:attachment":[{"href":"http:\/\/www.adisfarm.com.ar\/web\/index.php?rest_route=%2Fwp%2Fv2%2Fmedia&parent=4770"}],"curies":[{"name":"wp","href":"https:\/\/api.w.org\/{rel}","templated":true}]}}